{"id":2306,"date":"2021-06-19T12:17:49","date_gmt":"2021-06-19T09:17:49","guid":{"rendered":"http:\/\/www.hidroliftismakinalari.com\/?post_type=product&#038;p=2306"},"modified":"2021-06-19T12:17:49","modified_gmt":"2021-06-19T09:17:49","slug":"hortum-rakorlari","status":"publish","type":"product","link":"https:\/\/hidroliftismakinalari.com\/?product=hortum-rakorlari","title":{"rendered":"Hortum Rakorlar\u0131"},"content":{"rendered":"<p>BSP, UNF, Metrik, NPT ba\u011flant\u0131 di\u015f \u00f6l\u00e7\u00fcleri vard\u0131r.<\/p>\n<p>O-ringli y\u00fcks\u00fckleri mevcuttur.<br \/>\nORFS tipleri bulunmaktad\u0131r.<br \/>\n24\u00b0 ve 37\u00b0 ba\u011flant\u0131 standartlar\u0131nda bulunmaktad\u0131r.<\/p>\n","protected":false},"excerpt":{"rendered":"<p>BSP, UNF, Metrik, NPT ba\u011flant\u0131 di\u015f \u00f6l\u00e7\u00fcleri vard\u0131r.<\/p>\n","protected":false},"featured_media":2307,"template":"","meta":[],"product_brand":[],"product_cat":[55],"product_tag":[],"class_list":{"0":"post-2306","1":"product","2":"type-product","3":"status-publish","4":"has-post-thumbnail","6":"product_cat-baglanti-elemanlari","8":"first","9":"instock","10":"shipping-taxable","11":"product-type-simple"},"aioseo_notices":[],"_links":{"self":[{"href":"https:\/\/hidroliftismakinalari.com\/index.php?rest_route=\/wp\/v2\/product\/2306","targetHints":{"allow":["GET"]}}],"collection":[{"href":"https:\/\/hidroliftismakinalari.com\/index.php?rest_route=\/wp\/v2\/product"}],"about":[{"href":"https:\/\/hidroliftismakinalari.com\/index.php?rest_route=\/wp\/v2\/types\/product"}],"wp:featuredmedia":[{"embeddable":true,"href":"https:\/\/hidroliftismakinalari.com\/index.php?rest_route=\/wp\/v2\/media\/2307"}],"wp:attachment":[{"href":"https:\/\/hidroliftismakinalari.com\/index.php?rest_route=%2Fwp%2Fv2%2Fmedia&parent=2306"}],"wp:term":[{"taxonomy":"product_brand","embeddable":true,"href":"https:\/\/hidroliftismakinalari.com\/index.php?rest_route=%2Fwp%2Fv2%2Fproduct_brand&post=2306"},{"taxonomy":"product_cat","embeddable":true,"href":"https:\/\/hidroliftismakinalari.com\/index.php?rest_route=%2Fwp%2Fv2%2Fproduct_cat&post=2306"},{"taxonomy":"product_tag","embeddable":true,"href":"https:\/\/hidroliftismakinalari.com\/index.php?rest_route=%2Fwp%2Fv2%2Fproduct_tag&post=2306"}],"curies":[{"name":"wp","href":"https:\/\/api.w.org\/{rel}","templated":true}]}}